{"id":229,"date":"2024-04-20T21:29:46","date_gmt":"2024-04-20T21:29:46","guid":{"rendered":"https:\/\/peainformatica.com.br\/inicio\/?post_type=product&#038;p=229"},"modified":"2024-04-20T21:55:31","modified_gmt":"2024-04-20T21:55:31","slug":"monitor-lg-gamer-21-5-22mp410-b-awzm-full-hd-75hz-amd-freesync","status":"publish","type":"product","link":"https:\/\/www.peainformatica.com.br\/inicio\/produto\/monitor-lg-gamer-21-5-22mp410-b-awzm-full-hd-75hz-amd-freesync\/","title":{"rendered":"MONITOR LG GAMER 21.5&#8242; 22MP410-B.AWZM FULL HD 75HZ AMD FREESYNC"},"content":{"rendered":"<table class=\"a-normal a-spacing-micro\">\n<tbody>\n<tr class=\"a-spacing-small po-display.size\">\n<td class=\"a-span3\"><span class=\"a-size-base a-text-bold\">Tamanho da tela<\/span><\/td>\n<td class=\"a-span9\"><span class=\"a-size-base po-break-word\">21,5 Polegadas<\/span><\/td>\n<\/tr>\n<tr class=\"a-spacing-small po-display.resolution_maximum\">\n<td class=\"a-span3\"><span class=\"a-size-base a-text-bold\">Resolu\u00e7\u00e3o m\u00e1xima do visor<\/span><\/td>\n<td class=\"a-span9\"><span class=\"a-size-base po-break-word\">1920 x 1080 Pixels<\/span><\/td>\n<\/tr>\n<tr class=\"a-spacing-small po-brand\">\n<td class=\"a-span3\"><span class=\"a-size-base a-text-bold\">Marca<\/span><\/td>\n<td class=\"a-span9\"><span class=\"a-size-base po-break-word\">LG<\/span><\/td>\n<\/tr>\n<tr class=\"a-spacing-small po-special_feature\">\n<td class=\"a-span3\"><span class=\"a-size-base a-text-bold\">Caracter\u00edsticas especiais<\/span><\/td>\n<td class=\"a-span9\"><span class=\"a-size-base po-break-word\">Ajuste de inclina\u00e7\u00e3o<\/span><\/td>\n<\/tr>\n<tr class=\"a-spacing-small po-refresh_rate\">\n<td class=\"a-span3\"><span class=\"a-size-base a-text-bold\">Taxa de atualiza\u00e7\u00e3o<\/span><\/td>\n<td class=\"a-span9\"><span class=\"a-size-base po-break-word\">75 Hz<\/span><\/td>\n<\/tr>\n<\/tbody>\n<\/table>\n","protected":false},"excerpt":{"rendered":"<h1 class=\"a-size-base-plus a-text-bold\">Sobre este item<\/h1>\n<ul class=\"a-unordered-list a-vertical a-spacing-mini\">\n<li class=\"a-spacing-mini\"><span class=\"a-list-item\">Tamanho de Tela: 21.5&#8243;, \u00c2ngulo de Vis\u00e3o 178\u00ba \/ 178\u00ba, Brilho 250 cd\/m\u00b2, Tempo de Resposta 5ms (GtG), Gama de Cores (t\u00edp.) NTSC 72%, Dist\u00e2ncia entre pixels 0,2493 x 0,2410 mm, Tipo de Tela VA, Resolu\u00e7\u00e3o M\u00e1xima Full HD (1920 x 1080), Contraste 3000:01:00, Taxa de Atualiza\u00e7\u00e3o 75Hz, Profundidade de Cores (n\u00ba de cores) 16,7 milh\u00f5es, Tratamento de Tela Antirreflexivo<\/span><\/li>\n<li class=\"a-spacing-mini\"><span class=\"a-list-item\">AMD FreeSync<\/span><\/li>\n<li class=\"a-spacing-mini\"><span class=\"a-list-item\">Cor do produto: Preto<\/span><\/li>\n<li class=\"a-spacing-mini\"><span class=\"a-list-item\">Nome do modelo: 22MP410-B<\/span><\/li>\n<li class=\"a-spacing-mini\"><span class=\"a-list-item\">Garantia do produto: 12 meses<\/span><\/li>\n<\/ul>\n","protected":false},"featured_media":230,"comment_status":"open","ping_status":"closed","template":"","meta":[],"product_brand":[],"product_cat":[30,31],"product_tag":[],"class_list":{"0":"post-229","1":"product","2":"type-product","3":"status-publish","4":"has-post-thumbnail","6":"product_cat-monitor","7":"product_cat-promocao","9":"first","10":"instock","11":"sale","12":"shipping-taxable","13":"product-type-external"},"_links":{"self":[{"href":"https:\/\/www.peainformatica.com.br\/inicio\/wp-json\/wp\/v2\/product\/229","targetHints":{"allow":["GET"]}}],"collection":[{"href":"https:\/\/www.peainformatica.com.br\/inicio\/wp-json\/wp\/v2\/product"}],"about":[{"href":"https:\/\/www.peainformatica.com.br\/inicio\/wp-json\/wp\/v2\/types\/product"}],"replies":[{"embeddable":true,"href":"https:\/\/www.peainformatica.com.br\/inicio\/wp-json\/wp\/v2\/comments?post=229"}],"wp:featuredmedia":[{"embeddable":true,"href":"https:\/\/www.peainformatica.com.br\/inicio\/wp-json\/wp\/v2\/media\/230"}],"wp:attachment":[{"href":"https:\/\/www.peainformatica.com.br\/inicio\/wp-json\/wp\/v2\/media?parent=229"}],"wp:term":[{"taxonomy":"product_brand","embeddable":true,"href":"https:\/\/www.peainformatica.com.br\/inicio\/wp-json\/wp\/v2\/product_brand?post=229"},{"taxonomy":"product_cat","embeddable":true,"href":"https:\/\/www.peainformatica.com.br\/inicio\/wp-json\/wp\/v2\/product_cat?post=229"},{"taxonomy":"product_tag","embeddable":true,"href":"https:\/\/www.peainformatica.com.br\/inicio\/wp-json\/wp\/v2\/product_tag?post=229"}],"curies":[{"name":"wp","href":"https:\/\/api.w.org\/{rel}","templated":true}]}}